
Calculate the remainder when 966 is divided by 81.
75
What is the remainder when 6022 is divided by 134?
126
Calculate the remainder when 123 is divided by 14.
11
What is the remainder when 2338 is divided by 292?
2
Calculate the remainder when 74 is divided by 11.
8
Calculate the remainder when 171 is divided by 55.
6
What is the remainder when 15 is divided by 14?
1
What is the remainder when 1643 is divided by 47?
45
Calculate the remainder when 6225 is divided by 201.
195
Calculate the remainder when 644 is divided by 145.
64
Calculate the remainder when 172 is divided by 35.
32
What is the remainder when 85 is divided by 17?
0
Calculate the remainder when 347 is divided by 47.
18
Calculate the remainder when 121 is divided by 61.
60
What is the remainder when 20317 is divided by 127?
124
Calculate the remainder when 41 is divided by 9.
5
What is the remainder when 593 is divided by 137?
45
Calculate the remainder when 73 is divided by 20.
13
What is the remainder when 2361 is divided by 125?
111
Calculate the remainder when 301 is divided by 116.
69
Calculate the remainder when 577 is divided by 173.
58
What is the remainder when 418 is divided by 47?
42
What is the remainder when 126 is divided by 82?
44
Calculate the remainder when 1642 is divided by 205.
2
Calculate the remainder when 5657 is divided by 69.
68
What is the remainder when 152 is divided by 77?
75
What is the remainder when 201 is divided by 39?
6
What is the remainder when 141 is divided by 24?
21
What is the remainder when 880 is divided by 18?
16
What is the remainder when 448 is divided by 65?
58
Calculate the remainder when 306 is divided by 11.
9
Calculate the remainder when 392 is divided by 57.
50
Calculate the remainder when 402 is divided by 52.
38
What is the remainder when 1039 is divided by 16?
15
What is the remainder when 2235 is divided by 318?
9
Calculate the remainder when 26457 is divided by 135.
132
Calculate the remainder when 396 is divided by 25.
21
Calculate the remainder when 1583 is divided by 81.
44
Calculate the remainder when 98 is divided by 8.
2
Calculate the remainder when 116 is divided by 10.
6
Calculate the remainder when 39 is divided by 5.
4
Calculate the remainder when 6383 is divided by 78.
65
What is the remainder when 150 is divided by 54?
42
Calculate the remainder when 6717 is divided by 105.
102
Calculate the remainder when 97 is divided by 51.
46
Calculate the remainder when 114 is divided by 29.
27
Calculate the remainder when 604 is divided by 194.
22
Calculate the remainder when 388 is divided by 204.
184
What is the remainder when 2393 is divided by 18?
17
What is the remainder when 263 is divided by 17?
8
Calculate the remainder when 80 is divided by 28.
24
What is the remainder when 745 is divided by 137?
60
Calculate the remainder when 872 is divided by 236.
164
Calculate the remainder when 1539 is divided by 55.
54
Calculate the remainder when 176 is divided by 157.
19
What is the remainder when 160 is divided by 79?
2
Calculate the remainder when 477 is divided by 12.
9
Calculate the remainder when 12646 is divided by 139.
136
Calculate the remainder when 82 is divided by 9.
1
What is the remainder when 38 is divided by 6?
2
Calculate the remainder when 871 is divided by 46.
43
Calculate the remainder when 142 is divided by 34.
6
Calculate the remainder when 368 is divided by 74.
72
Calculate the remainder when 608 is divided by 300.
8
What is the remainder when 6305 is divided by 119?
117
What is the remainder when 917 is divided by 305?
2
Calculate the remainder when 2140 is divided by 85.
15
Calculate the remainder when 1637 is divided by 82.
79
What is the remainder when 26752 is divided by 14?
12
What is the remainder when 341 is divided by 59?
46
What is the remainder when 3621 is divided by 19?
11
Calculate the remainder when 119 is divided by 38.
5
What is the remainder when 4250 is divided by 2119?
12
What is the remainder when 421 is divided by 16?
5
Calculate the remainder when 34 is divided by 32.
2
What is the remainder when 147 is divided by 12?
3
Calculate the remainder when 252 is divided by 58.
20
What is the remainder when 257 is divided by 106?
45
Calculate the remainder when 2939 is divided by 147.
146
Calculate the remainder when 1830 is divided by 18.
12
Calculate the remainder when 322 is divided by 42.
28
Calculate the remainder when 104 is divided by 24.
8
What is the remainder when 249 is divided by 36?
33
What is the remainder when 1089 is divided by 3?
0
Calculate the remainder when 403 is divided by 168.
67
Calculate the remainder when 351 is divided by 115.
6
What is the remainder when 752 is divided by 92?
16
Calculate the remainder when 500 is divided by 43.
27
Calculate the remainder when 994 is divided by 488.
18
What is the remainder when 67 is divided by 20?
7
Calculate the remainder when 2844 is divided by 190.
184
What is the remainder when 18 is divided by 5?
3
Calculate the remainder when 1738 is divided by 10.
8
Calculate the remainder when 608 is divided by 10.
8
What is the remainder when 145 is divided by 64?
17
What is the remainder when 25270 is divided by 156?
154
What is the remainder when 1418 is divided by 281?
13
What is the remainder when 3641 is divided by 331?
0
What is the remainder when 4864 is divided by 87?
79
Calculate the remainder when 214 is divided by 106.
2
Calculate the remainder when 1747 is divided by 83.
4
Calculate the remainder when 335 is divided by 49.
41
Calculate the remainder when 116 is divided by 10.
6
What is the remainder when 1039 is divided by 38?
13
Calculate the remainder when 1246 is divided by 114.
106
Calculate the remainder when 168 is divided by 152.
16
What is the remainder when 9038 is divided by 40?
38
Calculate the remainder when 279 is divided by 71.
66
What is the remainder when 106 is divided by 46?
14
Calculate the remainder when 18327 is divided by 47.
44
What is the remainder when 23431 is divided by 73?
71
Calculate the remainder when 780 is divided by 157.
152
What is the remainder when 310 is divided by 95?
25
What is the remainder when 237 is divided by 45?
12
Calculate the remainder when 820 is divided by 210.
190
What is the remainder when 295 is divided by 15?
10
Calculate the remainder when 517 is divided by 126.
13
Calculate the remainder when 236 is divided by 17.
15
What is the remainder when 158 is divided by 91?
67
What is the remainder when 183 is divided by 41?
19
What is the remainder when 6347 is divided by 69?
68
Calculate the remainder when 1023 is divided by 49.
43
Calculate the remainder when 1 is divided by 1.
0
Calculate the remainder when 137 is divided by 112.
25
What is the remainder when 1390 is divided by 155?
150
Calculate the remainder when 2934 is divided by 2928.
6
Calculate the remainder when 273 is divided by 144.
129
What is the remainder when 67 is divided by 18?
13
Calculate the remainder when 66 is divided by 10.
6
Calculate the remainder when 724 is divided by 144.
4
Calculate the remainder when 553 is divided by 21.
7
Calculate the remainder when 250 is divided by 105.
40
Calculate the remainder when 301 is divided by 76.
73
Calculate the remainder when 1055 is divided by 126.
47
Calculate the remainder when 1258 is divided by 67.
52
Calculate the remainder when 219 is divided by 13.
11
What is the remainder when 1139 is divided by 10?
9
What is the remainder when 135 is divided by 62?
11
Calculate the remainder when 373 is divided by 357.
16
Calculate the remainder when 476 is divided by 80.
76
Calculate the remainder when 709 is divided by 21.
16
Calculate the remainder when 24 is divided by 13.
11
Calculate the remainder when 1647 is divided by 22.
19
Calculate the remainder when 1995 is divided by 54.
51
Calculate the remainder when 809 is divided by 14.
11
What is the remainder when 260 is divided by 14?
8
What is the remainder when 1497 is divided by 107?
106
What is the remainder when 667 is divided by 69?
46
What is the remainder when 799 is divided by 25?
24
What is the remainder when 113 is divided by 20?
13
Calculate the remainder when 243 is divided by 62.
57
What is the remainder when 1444 is divided by 96?
4
What is the remainder when 304 is divided by 94?
22
What